{"id":5659,"date":"2017-12-01T15:58:39","date_gmt":"2017-12-01T14:58:39","guid":{"rendered":"https:\/\/www.assorestauro.org\/?post_type=mec-events&#038;p=5659"},"modified":"2023-08-11T16:03:20","modified_gmt":"2023-08-11T14:03:20","slug":"convention-assorestauro-2017","status":"publish","type":"mec-events","link":"https:\/\/www.assorestauro.org\/en\/events\/convention-assorestauro-2017\/","title":{"rendered":"Convention Assorestauro 2017"},"content":{"rendered":"<p class=\"rtejustify\">Grande soddisfazione per la I\u00b0 Convention di Assorestauro svoltasi a Firenze nella splendida cornice di Palazzo Strozzi venerd\u00ec 1 dicembre. La Sala Altana, all\u2019ultimo piano del Palazzo con vista sui tetti di Firenze, ha raccolto un centinaio di partecipanti tra associati ed esponenti del settore interessati a conoscere l\u2019Associazione e le proprie attivit\u00e0.<br \/>\nIl programma della giornata ha visto la partecipazione di illustri personalit\u00e0 del settore che hanno portato il proprio contributo sul tema centrale dell\u2019Economia dei Beni Culturali e su quello dell\u2019internazionalizzazione.<\/p>\n<p class=\"rtejustify\">La mattinata \u00e8 stata dedicata prevalentemente all\u2019Associazione con l\u2019esplicito obiettivo di rendicontare ai presenti delle attivit\u00e0 svolte nel corso del 2018 e di quelle in fase di programmazione. Il quadro emerso \u00e8 quello di un\u2019intensa attivit\u00e0 che, a piccoli passi, sta crescendo in Italia e nel mondo conquistando credito ai pi\u00f9 alti livelli decisionali. Ne sono testimoni le molteplici attivit\u00e0 svolte nel corso dell\u2019ultimo anno: il procedere del progetto a Cuba, l\u2019inaugurazione della Moschea Sheik Souleyman a Istanbul in Turchia alla presenza del Ministro Calenda, gli accordi firmati di recente al Denkmal con l\u2019Unione dei Restauratori Russi.<br \/>\nLa presentazione ufficiale di due nuovi partner, quali Gruppo AON \u2013 gruppo assicurativo rappresentato per l\u2019occasione da\u00a0<strong>Marco Boretti<\/strong>\u00a0&#8211; e lo Studio legale Sguerso \u2013 con la partecipazione di\u00a0<strong>Filippo Sguerso<\/strong>\u00a0e di\u00a0<strong>Eugenio Di Martino<\/strong>\u00a0\u2013 che propone ai Soci un servizio di consulenza legale su tematiche di interesse comune, sono segnali anch\u2019essi di una fase di crescita dell\u2019Associazione.<\/p>\n<p class=\"rtejustify\">La giornata \u00e8 stata inframezzata da un businnes lunch, momento di incontri e di nuove conoscenze, per poi avviare una sessione pomeridiana focalizzata su tematiche istituzionali.<br \/>\nI contributi di\u00a0<strong>Marco Mari<\/strong>, Vicepresidente GBC, e di\u00a0<strong>Valeria Bernardini<\/strong>, Ministero dello Sviluppo Economico e in rappresentanza di ICE_Agenzia, hanno contribuito a delineare gli elementi caratterizzanti di un settore, quello del restauro italiano, che ha ampi riconoscimenti all\u2019estero e sul quale si lavora da pi\u00f9 parti in termini di investimento con azioni che dimostrano continuamente l\u2019alto livello di riconoscimento degli attori italiani.<br \/>\nIl contributo di\u00a0<strong>Alessandro Leon<\/strong>, dell\u2019Associazione per l\u2019Economia della Cultura, \u00e8 stata occasione per leggere il settore del restauro nella pi\u00f9 ampia cornice dell\u2019economia dei Beni Culturali italiani alla luce di dati di fruizione, di investimento da parte del governo centrale, delle risorse disponibili e della loro ripartizione, delle politiche di sostegno e promozione.<br \/>\nLa conclusione della convention ha visto la partecipazione di\u00a0<strong>Carla Di Francesco<\/strong>, Segretario Generale del Mibact, e di\u00a0<strong>Francesco Scoppola<\/strong>, DG Educazione Generale del Mibact, con contributi di approfondimento su temi di riforma del Ministero e sulle prospettive di sostegno del settore del Ministero dei Beni Culturali, sulle politiche in atto per la valorizzazione del patrimonio culturale come indotto microeconomico anche in termini di sostenibilit\u00e0 dell\u2019intervento.<\/p>\n<p class=\"rtejustify\"><strong>La Convention si \u00e8 conclusa con la firma congiunta tra il Segretario Generale del Mibact, Carla Di Francesco, con la Direzione Generale Educazione e Ricerca, rappresentato da Francesco Scoppola, e Assorestauro, rappresentato dal Presidente Alessandro Zanini, di un documento di convenzione che stabilisce modalit\u00e0 di collaborazione e scambio finalizzata alla istituzione e alla regolamentazione delle attivit\u00e0 di formazione, studio, ricerca e applicazioni dei suoi risultati nell&#8217;ambito dei beni e delle attivit\u00e0 culturali.<\/strong><br \/>\nLa firma di tale documento \u00e8 momento di grande importanza per ASSORESTAURO che \u00e8 ufficialmente riconosciuta dal Ministero dei Beni e delle Attivit\u00e0 Culturali e del Turismo nello svolgimento delle proprie attivit\u00e0 e che potr\u00e0 avviare azioni in maniera congiunta.<\/p>\n<p class=\"rtejustify\">Al termine di una giornata densa di spunti e suggestioni, \u00e8 doveroso un ringraziamento a tutti i partecipanti che con la loro presenza hanno contribuito ad accrescere lo spirito associativo di ASSORESTAURO. Grazie<\/p>\n","protected":false},"excerpt":{"rendered":"<p>evento annuale di networking di Assorestauro<\/p>\n","protected":false},"author":1,"featured_media":5661,"comment_status":"closed","ping_status":"closed","template":"","tags":[299,367,388],"mec_category":[64,289],"class_list":["post-5659","mec-events","type-mec-events","status-publish","has-post-thumbnail","hentry","tag-networking","tag-convention","tag-firenze","mec_category-comunicazioni","mec_category-evento-associativo"],"_links":{"self":[{"href":"https:\/\/www.assorestauro.org\/en\/wp-json\/wp\/v2\/mec-events\/5659","targetHints":{"allow":["GET"]}}],"collection":[{"href":"https:\/\/www.assorestauro.org\/en\/wp-json\/wp\/v2\/mec-events"}],"about":[{"href":"https:\/\/www.assorestauro.org\/en\/wp-json\/wp\/v2\/types\/mec-events"}],"author":[{"embeddable":true,"href":"https:\/\/www.assorestauro.org\/en\/wp-json\/wp\/v2\/users\/1"}],"replies":[{"embeddable":true,"href":"https:\/\/www.assorestauro.org\/en\/wp-json\/wp\/v2\/comments?post=5659"}],"wp:featuredmedia":[{"embeddable":true,"href":"https:\/\/www.assorestauro.org\/en\/wp-json\/wp\/v2\/media\/5661"}],"wp:attachment":[{"href":"https:\/\/www.assorestauro.org\/en\/wp-json\/wp\/v2\/media?parent=5659"}],"wp:term":[{"taxonomy":"post_tag","embeddable":true,"href":"https:\/\/www.assorestauro.org\/en\/wp-json\/wp\/v2\/tags?post=5659"},{"taxonomy":"mec_category","embeddable":true,"href":"https:\/\/www.assorestauro.org\/en\/wp-json\/wp\/v2\/mec_category?post=5659"}],"curies":[{"name":"wp","href":"https:\/\/api.w.org\/{rel}","templated":true}]}}

<p class="rtejustify">Grande soddisfazione per la I° Convention di Assorestauro svoltasi a Firenze nella splendida cornice di Palazzo Strozzi venerdì 1 dicembre. La Sala Altana, all’ultimo piano del Palazzo con vista sui tetti di Firenze, ha raccolto un centinaio di partecipanti tra associati ed esponenti del settore interessati a conoscere l’Associazione e le proprie attività.<br />
Il programma della giornata ha visto la partecipazione di illustri personalità del settore che hanno portato il proprio contributo sul tema centrale dell’Economia dei Beni Culturali e su quello dell’internazionalizzazione.</p>
<p class="rtejustify">La mattinata è stata dedicata prevalentemente all’Associazione con l’esplicito obiettivo di rendicontare ai presenti delle attività svolte nel corso del 2018 e di quelle in fase di programmazione. Il quadro emerso è quello di un’intensa attività che, a piccoli passi, sta crescendo in Italia e nel mondo conquistando credito ai più alti livelli decisionali. Ne sono testimoni le molteplici attività svolte nel corso dell’ultimo anno: il procedere del progetto a Cuba, l’inaugurazione della Moschea Sheik Souleyman a Istanbul in Turchia alla presenza del Ministro Calenda, gli accordi firmati di recente al Denkmal con l’Unione dei Restauratori Russi.<br />
La presentazione ufficiale di due nuovi partner, quali Gruppo AON – gruppo assicurativo rappresentato per l’occasione da <strong>Marco Boretti</strong> &#8211; e lo Studio legale Sguerso – con la partecipazione di <strong>Filippo Sguerso</strong> e di <strong>Eugenio Di Martino</strong> – che propone ai Soci un servizio di consulenza legale su tematiche di interesse comune, sono segnali anch’essi di una fase di crescita dell’Associazione.</p>
<p class="rtejustify">La giornata è stata inframezzata da un businnes lunch, momento di incontri e di nuove conoscenze, per poi avviare una sessione pomeridiana focalizzata su tematiche istituzionali.<br />
I contributi di <strong>Marco Mari</strong>, Vicepresidente GBC, e di <strong>Valeria Bernardini</strong>, Ministero dello Sviluppo Economico e in rappresentanza di ICE_Agenzia, hanno contribuito a delineare gli elementi caratterizzanti di un settore, quello del restauro italiano, che ha ampi riconoscimenti all’estero e sul quale si lavora da più parti in termini di investimento con azioni che dimostrano continuamente l’alto livello di riconoscimento degli attori italiani.<br />
Il contributo di <strong>Alessandro Leon</strong>, dell’Associazione per l’Economia della Cultura, è stata occasione per leggere il settore del restauro nella più ampia cornice dell’economia dei Beni Culturali italiani alla luce di dati di fruizione, di investimento da parte del governo centrale, delle risorse disponibili e della loro ripartizione, delle politiche di sostegno e promozione.<br />
La conclusione della convention ha visto la partecipazione di <strong>Carla Di Francesco</strong>, Segretario Generale del Mibact, e di <strong>Francesco Scoppola</strong>, DG Educazione Generale del Mibact, con contributi di approfondimento su temi di riforma del Ministero e sulle prospettive di sostegno del settore del Ministero dei Beni Culturali, sulle politiche in atto per la valorizzazione del patrimonio culturale come indotto microeconomico anche in termini di sostenibilità dell’intervento.</p>
<p class="rtejustify"><strong>La Convention si è conclusa con la firma congiunta tra il Segretario Generale del Mibact, Carla Di Francesco, con la Direzione Generale Educazione e Ricerca, rappresentato da Francesco Scoppola, e Assorestauro, rappresentato dal Presidente Alessandro Zanini, di un documento di convenzione che stabilisce modalità di collaborazione e scambio finalizzata alla istituzione e alla regolamentazione delle attività di formazione, studio, ricerca e applicazioni dei suoi risultati nell&#8217;ambito dei beni e delle attività culturali.</strong><br />
La firma di tale documento è momento di grande importanza per ASSORESTAURO che è ufficialmente riconosciuta dal Ministero dei Beni e delle Attività Culturali e del Turismo nello svolgimento delle proprie attività e che potrà avviare azioni in maniera congiunta.</p>
<p class="rtejustify">Al termine di una giornata densa di spunti e suggestioni, è doveroso un ringraziamento a tutti i partecipanti che con la loro presenza hanno contribuito ad accrescere lo spirito associativo di ASSORESTAURO. Grazie</p>
